 the units digit of 3893?
3
What is the tens digit of 15327?
2
What is the tens digit of 2710?
1
What is the hundreds digit of 359?
3
What is the thousands digit of 15887?
5
What is the hundreds digit of 38465?
4
What is the hundreds digit of 64230?
2
What is the units digit of 13935?
5
What is the hundreds digit of 16435?
4
What is the units digit of 2946?
6
What is the units digit of 3280?
0
What is the tens digit of 157?
5
What is the thousands digit of 13053?
3
What is the tens digit of 886?
8
What is the units digit of 57300?
0
What is the tens digit of 180?
8
What is the ten thousands digit of 22647?
2
What is the hundreds digit of 11820?
8
What is the tens digit of 957?
5
What is the units digit of 20263?
3
What is the thousands digit of 2162?
2
What is the units digit of 57821?
1
What is the tens digit of 342?
4
What is the hundreds digit of 7131?
1
What is the tens digit of 1006?
0
What is the units digit of 908?
8
What is the hundreds digit of 1243?
2
What is the units digit of 12732?
2
What is the hundreds digit of 16260?
2
What is the tens digit of 3529?
2
What is the tens digit of 121862?
6
What is the thousands digit of 3301?
3
What is the units digit of 6561?
1
What is the hundreds digit of 3071?
0
What is the thousands digit of 2244?
2
What is the tens digit of 2343?
4
What is the thousands digit of 3191?
3
What is the tens digit of 1233?
3
What is the ten thousands digit of 61261?
6
What is the ten thousands digit of 16164?
1
What is the thousands digit of 29969?
9
What is the thousands digit of 59625?
9
What is the tens digit of 61?
6
What is the units digit of 521?
1
What is the units digit of 58965?
5
What is the hundreds digit of 3504?
5
What is the hundreds digit of 14575?
5
What is the hundreds digit of 118300?
3
What is the hundreds digit of 16308?
3
What is the units digit of 18611?
1
What is the hundreds digit of 249?
2
What is the units digit of 387?
7
What is the thousands digit of 20204?
0
What is the hundreds digit of 10554?
5
What is the hundreds digit of 2459?
4
What is the tens digit of 5035?
3
What is the thousands digit of 1736?
1
What is the hundreds digit of 36574?
5
What is the tens digit of 3587?
8
What is the units digit of 2723?
3
What is the hundreds digit of 702?
7
What is the units digit of 15539?
9
What is the thousands digit of 26621?
6
What is the units digit of 104030?
0
What is the tens digit of 1952?
5
What is the hundreds digit of 20685?
6
What is the tens digit of 19122?
2
What is the units digit of 16775?
5
What is the thousands digit of 1582?
1
What is the hundreds digit of 5953?
9
What is the hundreds digit of 74267?
2
What is the tens digit of 672?
7
What is the hundreds digit of 892?
8
What is the hundreds digit of 19549?
5
What is the hundreds digit of 957?
9
What is the units digit of 1897?
7
What is the hundreds digit of 5815?
8
What is the hundreds digit of 42546?
5
What is the units digit of 21493?
3
What is the units digit of 39932?
2
What is the units digit of 6281?
1
What is the thousands digit of 8463?
8
What is the tens digit of 2425?
2
What is the hundreds digit of 41629?
6
What is the tens digit of 63795?
9
What is the units digit of 12832?
2
What is the units digit of 380?
0
What is the tens digit of 6451?
5
What is the tens digit of 2300?
0
What is the hundreds digit of 2365?
3
What is the hundreds digit of 3764?
7
What is the units digit of 529?
9
What is the thousands digit of 19330?
9
What is the tens digit of 653?
5
What is the tens digit of 352?
5
What is the tens digit of 10855?
5
What is the hundreds digit of 3884?
8
What is the hundreds digit of 5171?
1
What is the hundreds digit of 105163?
1
What is the units digit of 3335?
5
What is the ten thousands digit of 95257?
9
What is the units digit of 3646?
6
What is the tens digit of 7173?
7
What is the hundreds digit of 5269?
2
What is the units digit of 1380?
0
What is the hundreds digit of 4017?
0
What is the ten thousands digit of 18108?
1
What is the thousands digit of 32636?
2
What is the thousands digit of 49315?
9
What is the hundreds digit of 4083?
0
What is the hundreds digit of 681?
6
What is the tens digit of 7996?
9
What is the tens digit of 3038?
3
What is the units digit of 252?
2
What is the ten thousands digit of 158054?
5
What is the units digit of 36436?
6
What is the thousands digit of 3311?
3
What is the thousands digit of 3016?
3
What is the thousands digit of 62468?
2
What is the thousands digit of 9226?
9
What is the hundreds digit of 1116?
1
What is the ten thousands digit of 20890?
2
What is the units digit of 638?
8
What is the thousands digit of 3073?
3
What is the tens digit of 12384?
8
What is the units digit of 5901?
1
What is the units digit of 2399?
9
What is the tens digit of 895?
9
What is the thousands digit of 14939?
4
What is the tens digit of 31797?
9
What is the tens digit of 1766?
6
What is the units digit of 25330?
0
What is the hundreds digit of 22862?
8
What is the units digit of 11763?
3
What is the thousands digit of 8712?
8
What is the hundreds digit of 61722?
7
What is the tens digit of 11536?
3
What is the hundreds digit of 135702?
7
What is the tens digit of 100603?
0
What is the tens digit of 53922?
2
What is the units digit of 1087?
7
What is the thousands digit of 165814?
5
What is the hundreds digit of 9630?
6
What is the ten thousands digit of 108088?
0
What is the thousands digit of 5166?
5
What is the tens digit of 6295?
9
What is the hundreds digit of 6154?
1
What is the thousands digit of 1794?
1
What is the thousands digit of 9834?
9
What is the units digit of 144358?
8
What is the hundreds digit of 15692?
6
What is the hundreds digit of 2121?
1
What is the hundreds digit of 9124?
1
What is the hundreds digit of 61181?
1
What is the tens digit of 520?
2
What is the hundreds digit of 6508?
5
What is the thousands digit of 56301?
6
What is the hundreds digit of 4337?
3
What is the tens digit of 2943?
4
What is the units digit of 390?
0
What is the thousands digit of 4319?
4
What is the tens digit of 2274?
7
What is the tens digit of 1045?
4
What is the units digit of 8847?
7
What is the thousands digit of 12755?
2
What is the tens digit of 3993?
9
What is the tens digit of 24229?
2
What is the units digit of 243?
3
What is the units digit of 3684?
4
What is the tens digit of 44736?
3
What is the hundreds digit of 722?
7
What is the tens digit of 509?
0
What is the hundreds digit of 2836?
8
What is the hundreds digit of 133?
1
What is the hundreds digit of 735?
7
What is the thousands digit of 12623?
2
What is the tens digit of 577?
7
What is the thousands digit of 5303?
5
What is the tens digit of 16848?
4
What is the tens digit of 3503?
0
What is the units digit of 65368?
8
What is the thousands digit of 2183?
2
What is the tens digit of 14832?
3
What is the tens digit of 95664?
6
What is the tens digit of 998?
9
What is the hundreds digit of 6556?
5
What is the hundreds digit of 1381?
3
What is the hundreds digit of 12731?
7
What is the ten thousands digit of 44922?
4
What is the thousands digit of 1247?
1
What is the hundreds digit of 3015?
0
What is the ten thousands digit of 91042?
9
What is the units digit of 24238?
8
What is the units digit of 7720?
0
What is the thousands digit of 95710?
5
What is the thousands digit of 30850?
0
What is the units digit of 713?
3
What is the ten thousands digit of 16814?
1
What is the tens digit of 1881?
8
What is the units digit of 16768?
8
What is the hundreds digit of 7384?
3
What is the tens digit of 17464?
6
What is the thousands digit of 1040?
1
What is the tens digit of 5488?
8
What is the thousands digit of 9241?
9
What is the tens digit of 3692?
9
What is the thousands digit of 10028?
0
What is the thousands digit of 10544?
0
What is the tens digit of 325?
2
What is the tens digit of 5195?
9
What is the units digit of 1134?
4
What is the thousands digit of 1798?
1
What is the hundreds digit of 4422?
4
What is the hundreds digit of 19238?
2
What is the thousands digit of 79270?
9
What is the ten thousands digit of 12209?
1
What is the tens digit of 1017?
1
What is the units digit of 2158?
8
What is the hundreds digit of 583?
5
What is the units digit of 3010?
0
What is the thousands digit of 12622?
2
What is t